{"id":442,"date":"2024-02-20T17:20:18","date_gmt":"2024-02-20T20:20:18","guid":{"rendered":"https:\/\/viniciusportfolio.com.br\/?page_id=442"},"modified":"2024-09-17T20:58:46","modified_gmt":"2024-09-17T23:58:46","slug":"site-autocoifas","status":"publish","type":"page","link":"https:\/\/viniciusportfolio.com.br\/?page_id=442","title":{"rendered":"AutoCoifas &#8211; Website"},"content":{"rendered":"\t\t<div data-elementor-type=\"wp-page\" data-elementor-id=\"442\" class=\"elementor elementor-442\" data-elementor-post-type=\"page\">\n\t\t\t\t<div class=\"elementor-element elementor-element-32c1da8 e-flex e-con-boxed e-con e-parent\" data-id=\"32c1da8\" data-element_type=\"container\" data-settings=\"{&quot;container_type&quot;:&quot;flex&quot;,&quot;content_width&quot;:&quot;boxed&quot;}\" data-core-v316-plus=\"true\">\n\t\t\t\t\t<div class=\"e-con-inner\">\n\t\t\t\t<div class=\"elementor-element elementor-element-8da4ce1 elementor-widget elementor-widget-image\" data-id=\"8da4ce1\" data-element_type=\"widget\" data-widget_type=\"image.default\">\n\t\t\t\t<div class=\"elementor-widget-container\">\n\t\t\t<style>\/*! elementor - v3.19.0 - 07-02-2024 *\/\n.elementor-widget-image{text-align:center}.elementor-widget-image a{display:inline-block}.elementor-widget-image a img[src$=\".svg\"]{width:48px}.elementor-widget-image img{vertical-align:middle;display:inline-block}<\/style>\t\t\t\t\t\t\t\t\t\t<img fetchpriority=\"high\" decoding=\"async\" width=\"1920\" height=\"1110\" src=\"https:\/\/viniciusportfolio.com.br\/wp-content\/uploads\/2024\/09\/Capa-autocoifas.jpg\" class=\"attachment-full size-full wp-image-2626\" alt=\"\" srcset=\"https:\/\/viniciusportfolio.com.br\/wp-content\/uploads\/2024\/09\/Capa-autocoifas.jpg 1920w, https:\/\/viniciusportfolio.com.br\/wp-content\/uploads\/2024\/09\/Capa-autocoifas-300x173.jpg 300w, https:\/\/viniciusportfolio.com.br\/wp-content\/uploads\/2024\/09\/Capa-autocoifas-1024x592.jpg 1024w, https:\/\/viniciusportfolio.com.br\/wp-content\/uploads\/2024\/09\/Capa-autocoifas-768x444.jpg 768w, https:\/\/viniciusportfolio.com.br\/wp-content\/uploads\/2024\/09\/Capa-autocoifas-1536x888.jpg 1536w, https:\/\/viniciusportfolio.com.br\/wp-content\/uploads\/2024\/09\/Capa-autocoifas-1568x907.jpg 1568w\" sizes=\"(max-width: 34.9rem) calc(100vw - 2rem), (max-width: 53rem) calc(8 * (100vw \/ 12)), (min-width: 53rem) calc(6 * (100vw \/ 12)), 100vw\" \/>\t\t\t\t\t\t\t\t\t\t\t\t\t<\/div>\n\t\t\t\t<\/div>\n\t\t\t\t<div class=\"elementor-element elementor-element-973e49c elementor-widget elementor-widget-text-editor\" data-id=\"973e49c\" data-element_type=\"widget\" data-widget_type=\"text-editor.default\">\n\t\t\t\t<div class=\"elementor-widget-container\">\n\t\t\t<style>\/*! elementor - v3.19.0 - 07-02-2024 *\/\n.elementor-widget-text-editor.elementor-drop-cap-view-stacked .elementor-drop-cap{background-color:#69727d;color:#fff}.elementor-widget-text-editor.elementor-drop-cap-view-framed .elementor-drop-cap{color:#69727d;border:3px solid;background-color:transparent}.elementor-widget-text-editor:not(.elementor-drop-cap-view-default) .elementor-drop-cap{margin-top:8px}.elementor-widget-text-editor:not(.elementor-drop-cap-view-default) .elementor-drop-cap-letter{width:1em;height:1em}.elementor-widget-text-editor .elementor-drop-cap{float:left;text-align:center;line-height:1;font-size:50px}.elementor-widget-text-editor .elementor-drop-cap-letter{display:inline-block}<\/style>\t\t\t\t<p style=\"text-align: center;\"><strong>AutoCoifas &#8211; Site Institucional<\/strong><\/p>\t\t\t\t\t\t<\/div>\n\t\t\t\t<\/div>\n\t\t\t\t\t<\/div>\n\t\t\t\t<\/div>\n\t\t<div class=\"elementor-element elementor-element-bc6698d e-flex e-con-boxed e-con e-parent\" data-id=\"bc6698d\" data-element_type=\"container\" data-settings=\"{&quot;container_type&quot;:&quot;flex&quot;,&quot;content_width&quot;:&quot;boxed&quot;}\" data-core-v316-plus=\"true\">\n\t\t\t\t\t<div class=\"e-con-inner\">\n\t\t<div class=\"elementor-element elementor-element-200b18e e-con-full e-flex e-con e-child\" data-id=\"200b18e\" data-element_type=\"container\" data-settings=\"{&quot;content_width&quot;:&quot;full&quot;,&quot;container_type&quot;:&quot;flex&quot;}\">\n\t\t\t\t<div class=\"elementor-element elementor-element-3cff65d elementor-widget elementor-widget-text-editor\" data-id=\"3cff65d\" data-element_type=\"widget\" data-widget_type=\"text-editor.default\">\n\t\t\t\t<div class=\"elementor-widget-container\">\n\t\t\t\t\t\t\t<p>Estou emocionado em apresentar o projeto conclu\u00eddo do site e cat\u00e1logo online da Autocoifas, uma fabricante renomada de batentes e coifas para carros. Desenvolvi este projeto com todo cuidado e dedica\u00e7\u00e3o, representando n\u00e3o apenas a qualidade dos produtos da Autocoifas, mas tamb\u00e9m minha habilidade e comprometimento em criar uma presen\u00e7a digital impactante.<\/p>\t\t\t\t\t\t<\/div>\n\t\t\t\t<\/div>\n\t\t\t\t<\/div>\n\t\t<div class=\"elementor-element elementor-element-2821cd6 e-con-full e-flex e-con e-child\" data-id=\"2821cd6\" data-element_type=\"container\" data-settings=\"{&quot;content_width&quot;:&quot;full&quot;,&quot;container_type&quot;:&quot;flex&quot;}\">\n\t\t\t\t<div class=\"elementor-element elementor-element-c2c5f65 elementor-widget elementor-widget-text-editor\" data-id=\"c2c5f65\" data-element_type=\"widget\" data-widget_type=\"text-editor.default\">\n\t\t\t\t<div class=\"elementor-widget-container\">\n\t\t\t\t\t\t\t<p>Com um design intuitivo e visualmente atraente, o site oferece uma experi\u00eancia de navega\u00e7\u00e3o agrad\u00e1vel e informativa para os clientes em busca de produtos automotivos de alta qualidade. Cada detalhe foi cuidadosamente planejado para destacar a variedade e a excel\u00eancia dos produtos da Autocoifas, proporcionando aos clientes todas as informa\u00e7\u00f5es necess\u00e1rias para uma decis\u00e3o de compra informada.<\/p>\t\t\t\t\t\t<\/div>\n\t\t\t\t<\/div>\n\t\t\t\t<\/div>\n\t\t\t\t\t<\/div>\n\t\t\t\t<\/div>\n\t\t<div class=\"elementor-element elementor-element-7a2efed e-flex e-con-boxed e-con e-parent\" data-id=\"7a2efed\" data-element_type=\"container\" data-settings=\"{&quot;container_type&quot;:&quot;flex&quot;,&quot;content_width&quot;:&quot;boxed&quot;}\" data-core-v316-plus=\"true\">\n\t\t\t\t\t<div class=\"e-con-inner\">\n\t\t<div class=\"elementor-element elementor-element-1ebc669 e-con-full e-flex e-con e-child\" data-id=\"1ebc669\" data-element_type=\"container\" data-settings=\"{&quot;content_width&quot;:&quot;full&quot;,&quot;container_type&quot;:&quot;flex&quot;}\">\n\t\t\t\t<div class=\"elementor-element elementor-element-f1bc8d2 elementor-widget elementor-widget-image\" data-id=\"f1bc8d2\" data-element_type=\"widget\" data-widget_type=\"image.default\">\n\t\t\t\t<div class=\"elementor-widget-container\">\n\t\t\t\t\t\t\t\t\t\t\t\t\t<img decoding=\"async\" width=\"2128\" height=\"2271\" data-src=\"https:\/\/viniciusportfolio.com.br\/wp-content\/uploads\/2024\/05\/template-2.png\" class=\"attachment-full size-full wp-image-1049 lazyload\" alt=\"\" data-srcset=\"https:\/\/viniciusportfolio.com.br\/wp-content\/uploads\/2024\/05\/template-2.png 2128w, https:\/\/viniciusportfolio.com.br\/wp-content\/uploads\/2024\/05\/template-2-281x300.png 281w, https:\/\/viniciusportfolio.com.br\/wp-content\/uploads\/2024\/05\/template-2-960x1024.png 960w, https:\/\/viniciusportfolio.com.br\/wp-content\/uploads\/2024\/05\/template-2-768x820.png 768w, https:\/\/viniciusportfolio.com.br\/wp-content\/uploads\/2024\/05\/template-2-1439x1536.png 1439w, https:\/\/viniciusportfolio.com.br\/wp-content\/uploads\/2024\/05\/template-2-1919x2048.png 1919w, https:\/\/viniciusportfolio.com.br\/wp-content\/uploads\/2024\/05\/template-2-1568x1673.png 1568w\" data-sizes=\"(max-width: 34.9rem) calc(100vw - 2rem), (max-width: 53rem) calc(8 * (100vw \/ 12)), (min-width: 53rem) calc(6 * (100vw \/ 12)), 100vw\" src=\"data:image\/svg+xml;base64,PHN2ZyB3aWR0aD0iMSIgaGVpZ2h0PSIxIiB4bWxucz0iaHR0cDovL3d3dy53My5vcmcvMjAwMC9zdmciPjwvc3ZnPg==\" style=\"--smush-placeholder-width: 2128px; --smush-placeholder-aspect-ratio: 2128\/2271;\" \/>\t\t\t\t\t\t\t\t\t\t\t\t\t<\/div>\n\t\t\t\t<\/div>\n\t\t\t\t<\/div>\n\t\t<div class=\"elementor-element elementor-element-33f94fb e-con-full e-flex e-con e-child\" data-id=\"33f94fb\" data-element_type=\"container\" data-settings=\"{&quot;content_width&quot;:&quot;full&quot;,&quot;container_type&quot;:&quot;flex&quot;}\">\n\t\t\t\t<div class=\"elementor-element elementor-element-784284a elementor-widget elementor-widget-text-editor\" data-id=\"784284a\" data-element_type=\"widget\" data-widget_type=\"text-editor.default\">\n\t\t\t\t<div class=\"elementor-widget-container\">\n\t\t\t\t\t\t\t<p>Convido voc\u00ea a explorar o site rec\u00e9m-lan\u00e7ado da Autocoifas, onde poder\u00e1 descobrir nossa ampla sele\u00e7\u00e3o de batentes e coifas para carros. Desfrute da facilidade de navega\u00e7\u00e3o, da riqueza de informa\u00e7\u00f5es e da experi\u00eancia de compra simplificada que desenvolvi especialmente para voc\u00ea.<\/p>\t\t\t\t\t\t<\/div>\n\t\t\t\t<\/div>\n\t\t\t\t<div class=\"elementor-element elementor-element-1b726f0 elementor-widget elementor-widget-button\" data-id=\"1b726f0\" data-element_type=\"widget\" data-widget_type=\"button.default\">\n\t\t\t\t<div class=\"elementor-widget-container\">\n\t\t\t\t\t<div class=\"elementor-button-wrapper\">\n\t\t\t<a class=\"elementor-button elementor-button-link elementor-size-sm\" href=\"https:\/\/autocoifas.viniciusportfolio.com.br\/\" target=\"_blank\">\n\t\t\t\t\t\t<span class=\"elementor-button-content-wrapper\">\n\t\t\t\t\t\t<span class=\"elementor-button-text\">Acessar Site<\/span>\n\t\t<\/span>\n\t\t\t\t\t<\/a>\n\t\t<\/div>\n\t\t\t\t<\/div>\n\t\t\t\t<\/div>\n\t\t\t\t<\/div>\n\t\t\t\t\t<\/div>\n\t\t\t\t<\/div>\n\t\t\t\t<\/div>\n\t\t","protected":false},"excerpt":{"rendered":"<p>AutoCoifas &#8211; Site Institucional Estou emocionado em apresentar o projeto conclu\u00eddo do site e cat\u00e1logo online da Autocoifas, uma fabricante renomada de batentes e coifas para carros. Desenvolvi este projeto com todo cuidado e dedica\u00e7\u00e3o, representando n\u00e3o apenas a qualidade dos produtos da Autocoifas, mas tamb\u00e9m minha habilidade e comprometimento em criar uma presen\u00e7a digital &hellip; <\/p>\n<p class=\"link-more\"><a href=\"https:\/\/viniciusportfolio.com.br\/?page_id=442\" class=\"more-link\">Continue lendo<span class=\"screen-reader-text\"> &#8220;AutoCoifas &#8211; Website&#8221;<\/span><\/a><\/p>\n","protected":false},"author":1,"featured_media":2626,"parent":0,"menu_order":0,"comment_status":"closed","ping_status":"closed","template":"elementor_header_footer","meta":{"_acf_changed":false,"footnotes":""},"class_list":["post-442","page","type-page","status-publish","has-post-thumbnail","hentry","entry"],"acf":[],"_links":{"self":[{"href":"https:\/\/viniciusportfolio.com.br\/index.php?rest_route=\/wp\/v2\/pages\/442","targetHints":{"allow":["GET"]}}],"collection":[{"href":"https:\/\/viniciusportfolio.com.br\/index.php?rest_route=\/wp\/v2\/pages"}],"about":[{"href":"https:\/\/viniciusportfolio.com.br\/index.php?rest_route=\/wp\/v2\/types\/page"}],"author":[{"embeddable":true,"href":"https:\/\/viniciusportfolio.com.br\/index.php?rest_route=\/wp\/v2\/users\/1"}],"replies":[{"embeddable":true,"href":"https:\/\/viniciusportfolio.com.br\/index.php?rest_route=%2Fwp%2Fv2%2Fcomments&post=442"}],"version-history":[{"count":27,"href":"https:\/\/viniciusportfolio.com.br\/index.php?rest_route=\/wp\/v2\/pages\/442\/revisions"}],"predecessor-version":[{"id":2898,"href":"https:\/\/viniciusportfolio.com.br\/index.php?rest_route=\/wp\/v2\/pages\/442\/revisions\/2898"}],"wp:featuredmedia":[{"embeddable":true,"href":"https:\/\/viniciusportfolio.com.br\/index.php?rest_route=\/wp\/v2\/media\/2626"}],"wp:attachment":[{"href":"https:\/\/viniciusportfolio.com.br\/index.php?rest_route=%2Fwp%2Fv2%2Fmedia&parent=442"}],"curies":[{"name":"wp","href":"https:\/\/api.w.org\/{rel}","templated":true}]}}